hat are the prime factors of 4043?
13, 311
What are the prime factors of 77658?
2, 3, 7, 43
List the prime factors of 1080.
2, 3, 5
What are the prime factors of 44159?
44159
List the prime factors of 619.
619
List the prime factors of 23403.
3, 29, 269
List the prime factors of 5383.
7, 769
What are the prime factors of 38890?
2, 5, 3889
List the prime factors of 16981.
16981
What are the prime factors of 48967?
23, 2129
List the prime factors of 55779.
3, 18593
List the prime factors of 115312.
2, 7207
What are the prime factors of 91273?
7, 13, 17, 59
What are the prime factors of 4540?
2, 5, 227
What are the prime factors of 82679?
29, 2851
What are the prime factors of 37049?
37049
List the prime factors of 1053.
3, 13
What are the prime factors of 46351?
46351
What are the prime factors of 1766?
2, 883
What are the prime factors of 92829?
3, 11, 29, 97
What are the prime factors of 357?
3, 7, 17
List the prime factors of 1342.
2, 11, 61
List the prime factors of 157063.
17, 9239
List the prime factors of 109330.
2, 5, 13, 29
List the prime factors of 32186.
2, 7, 11, 19
What are the prime factors of 7664?
2, 479
List the prime factors of 17430.
2, 3, 5, 7, 83
List the prime factors of 20855.
5, 43, 97
List the prime factors of 66742.
2, 13, 17, 151
List the prime factors of 1895.
5, 379
List the prime factors of 2112.
2, 3, 11
What are the prime factors of 184?
2, 23
List the prime factors of 56238.
2, 3, 7, 13, 103
List the prime factors of 87625.
5, 701
List the prime factors of 1961.
37, 53
What are the prime factors of 2477?
2477
List the prime factors of 31533.
3, 23, 457
List the prime factors of 15941.
19, 839
What are the prime factors of 5013?
3, 557
List the prime factors of 17061.
3, 11, 47
What are the prime factors of 3209?
3209
List the prime factors of 4795.
5, 7, 137
List the prime factors of 44551.
13, 23, 149
List the prime factors of 87732.
2, 3, 2437
What are the prime factors of 7124?
2, 13, 137
List the prime factors of 94482.
2, 3, 29, 181
What are the prime factors of 3298?
2, 17, 97
What are the prime factors of 23472?
2, 3, 163
What are the prime factors of 155445?
3, 5, 43, 241
List the prime factors of 11153.
19, 587
What are the prime factors of 791?
7, 113
What are the prime factors of 16662?
2, 3, 2777
List the prime factors of 8082.
2, 3, 449
What are the prime factors of 3681?
3, 409
List the prime factors of 58238.
2, 37, 787
What are the prime factors of 40154?
2, 17, 1181
What are the prime factors of 88994?
2, 44497
List the prime factors of 13040.
2, 5, 163
List the prime factors of 10519.
67, 157
List the prime factors of 7208.
2, 17, 53
List the prime factors of 222.
2, 3, 37
What are the prime factors of 2904?
2, 3, 11
List the prime factors of 19344.
2, 3, 13, 31
What are the prime factors of 2655?
3, 5, 59
What are the prime factors of 74933?
74933
List the prime factors of 634.
2, 317
List the prime factors of 4834.
2, 2417
List the prime factors of 154.
2, 7, 11
List the prime factors of 41972.
2, 7, 1499
List the prime factors of 2819.
2819
What are the prime factors of 2583?
3, 7, 41
List the prime factors of 311.
311
What are the prime factors of 6807?
3, 2269
What are the prime factors of 2499?
3, 7, 17
List the prime factors of 1505.
5, 7, 43
List the prime factors of 19711.
23, 857
What are the prime factors of 3218?
2, 1609
What are the prime factors of 11156?
2, 2789
List the prime factors of 17138.
2, 11, 19, 41
What are the prime factors of 180595?
5, 19, 1901
What are the prime factors of 40033?
7, 19, 43
List the prime factors of 504.
2, 3, 7
List the prime factors of 3258.
2, 3, 181
What are the prime factors of 102362?
2, 13, 31, 127
List the prime factors of 37612.
2, 9403
List the prime factors of 1000.
2, 5
List the prime factors of 941.
941
What are the prime factors of 13364?
2, 13, 257
What are the prime factors of 420?
2, 3, 5, 7
What are the prime factors of 3898?
2, 1949
List the prime factors of 101766.
2, 3, 7, 2423
What are the prime factors of 44219?
7, 6317
List the prime factors of 6375.
3, 5, 17
What are the prime factors of 16943?
16943
What are the prime factors of 18505?
5, 3701
What are the prime factors of 207?
3, 23
What are the prime factors of 10?
2, 5
What are the prime factors of 2857?
2857
List the prime factors of 56251.
13, 4327
List the prime factors of 15166.
2, 7583
List the prime factors of 12614.
2, 7, 17, 53
List the prime factors of 7283.
7283
List the prime factors of 52220.
2, 5, 7, 373
What are the prime factors of 11680?
2, 5, 73
What are the prime factors of 60?
2, 3, 5
List the prime factors of 4712.
2, 19, 31
What are the prime factors of 8269?
8269
List the prime factors of 154701.
3, 17189
What are the prime factors of 48548?
2, 53, 229
What are the prime factors of 1722?
2, 3, 7, 41
List the prime factors of 21882.
2, 3, 7, 521
List the prime factors of 7008.
2, 3, 73
What are the prime factors of 5404?
2, 7, 193
List the prime factors of 1477.
7, 211
List the prime factors of 2054.
2, 13, 79
List the prime factors of 1494.
2, 3, 83
What are the prime factors of 11309?
43, 263
List the prime factors of 14386.
2, 7193
What are the prime factors of 52456?
2, 79, 83
List the prime factors of 1504.
2, 47
What are the prime factors of 99804?
2, 3, 8317
List the prime factors of 1197.
3, 7, 19
List the prime factors of 50098.
2, 37, 677
List the prime factors of 1568.
2, 7
List the prime factors of 3776.
2, 59
List the prime factors of 5617.
41, 137
List the prime factors of 56134.
2, 13, 17, 127
List the prime factors of 532.
2, 7, 19
What are the prime factors of 5676?
2, 3, 11, 43
What are the prime factors of 1379?
7, 197
List the prime factors of 2871.
3, 11, 29
What are the prime factors of 35409?
3, 11, 29, 37
What are the prime factors of 6199?
6199
What are the prime factors of 40885?
5, 13, 17, 37
What are the prime factors of 811?
811
What are the prime factors of 386?
2, 193
List the prime factors of 52147.
52147
What are the prime factors of 543?
3, 181
List the prime factors of 19478.
2, 9739
List the prime factors of 7875.
3, 5, 7
List the prime factors of 4979.
13, 383
What are the prime factors of 913?
11, 83
What are the prime factors of 68499?
3, 43, 59
What are the prime factors of 72023?
7, 10289
List the prime factors of 3758.
2, 1879
What are the prime factors of 7389?
3, 821
List the prime factors of 9811.
9811
List the prime factors of 23586.
2, 3, 3931
What are the prime factors of 5552?
2, 347
What are the prime factors of 1782?
2, 3, 11
What are the prime factors of 154648?
2, 13, 1487
What are the prime factors of 2047?
23, 89
List the prime factors of 19042.
2, 9521
What are the prime factors of 101?
101
What are the prime factors of 839?
839
What are the prime factors of 18749?
18749
List the prime factors of 18322.
2, 9161
List the prime factors of 6597.
3, 733
What are the prime factors of 985?
5, 197
List the prime factors of 44675.
5, 1787
What are the prime factors of 14190?
2, 3, 5, 11, 43
List the prime factors of 71522.
2, 11, 3251
What are the prime factors of 7832?
2, 11, 89
List the prime factors of 45633.
3, 7, 41, 53
List the prime factors of 43175.
5, 11, 157
What are the prime factors of 17234?
2, 7, 1231
What are the prime factors of 85314?
2, 3, 59, 241
List the prime factors of 4607.
17, 271
What are the prime factors of 5988?
2, 3, 499
List the prime factors of 162.
2, 3
What are the prime factors of 10026?
2, 3, 557
List the prime factors of 6463.
23, 281
What are the prime factors of 6005?
5, 1201
List the prime factors of 2746.
2, 1373
List the prime factors of 466.
2, 233
What are the prime factors of 699?
3, 233
List the prime factors of 8117.
8117
What are the prime factors of 1482?
2, 3, 13, 19
List the prime factors of 933.
3, 311
List the prime factors of 1128.
2, 3, 47
List the prime factors of 4472.
2, 13, 43
What are the prime factors of 122679?
3, 43, 317
List the prime factors of 7058.
2, 3529
List the prime factors of 127033.
127033
What are the prime factors of 1332?
2, 3, 37
List the prime factors of 27.
3
What are the prime factors of 15101?
15101
List the prime factors of 137087.
137087
What are the prime factors of 60687?
3, 11, 613
What are the prime factors of 8185